{"id":283,"date":"2023-06-25T22:12:29","date_gmt":"2023-06-26T02:12:29","guid":{"rendered":"https:\/\/lecondudragon.com\/?post_type=product&#038;p=283"},"modified":"2025-02-07T21:07:39","modified_gmt":"2025-02-08T02:07:39","slug":"enssemble-educatif-sur-securite-aquatique","status":"publish","type":"product","link":"https:\/\/lecondudragon.com\/?product=enssemble-educatif-sur-securite-aquatique","title":{"rendered":"Ensemble \u00e9ducatif sur s\u00e9curit\u00e9 aquatique sur dvds et 1 livre d&rsquo;histoire"},"content":{"rendered":"<p>La trousse \u00e9ducative sur la s\u00e9curit\u00e9 aquatique est enti\u00e8rement num\u00e9rique. Elle inclue: 3 court m\u00e9trage:<\/p>\n<p>1) sur la s\u00e9curit\u00e9 en bateau<\/p>\n<p>2) sur la s\u00e9curit\u00e9 lors de baignade<\/p>\n<p>3) sur la s\u00e9curit\u00e9 pr\u00e8s du courant<\/p>\n<p>&nbsp;<\/p>\n<p>Un livre activit\u00e9s, intitul\u00e9 livre d&rsquo;activit\u00e9 pour marin d&rsquo;eau douce, de 76 pages num\u00e9rique (pour les enfants de 2 \u00e2 12 ans) ayant pour th\u00e8me l&rsquo;eau :<\/p>\n<p>1) la s\u00e9curit\u00e9 sur un bateau<\/p>\n<p>2) la s\u00e9curit\u00e9 lors de baignade<\/p>\n<p>3) s\u00e9curit\u00e9 pr\u00e8s du courant<\/p>\n<p>4) l&rsquo;utilit\u00e9 de l&rsquo;eau<\/p>\n<p>5) le cycle de l&rsquo;eau&#8230;<\/p>\n<p>(Toutes les activit\u00e9s sont con\u00e7ues avec du mat\u00e9riaux facile \u00e0 trouver et peu dispendieux)<\/p>\n<p>&nbsp;<\/p>\n<p>Un livre d&rsquo;histoire de 36 page num\u00e9rique, se divisant en trois histoires:<\/p>\n<p>1) Le ballon: histoire pour conscientiser les enfants \u00e0 avoir un adulte pr\u00e8s d&rsquo;eux lors qu&rsquo;il s&rsquo;approche d&rsquo;une source d&rsquo;eau.<\/p>\n<p>2) La chasse au tr\u00e9sor: sur la baignage loin de la maison au lac par exemple.<\/p>\n<p>3) la baignade a la piscine: sur les r\u00e8gles lors de baignade.<\/p>\n","protected":false},"excerpt":{"rendered":"<p>La trousse \u00e9ducative sur la s\u00e9curit\u00e9 aquatique est enti\u00e8rement num\u00e9rique. Elle inclue: 3 court m\u00e9trage: 1) sur la s\u00e9curit\u00e9 en bateau 2) sur la s\u00e9curit\u00e9 lors de baignade 3) sur la s\u00e9curit\u00e9 pr\u00e8s du courant &nbsp; Un livre activit\u00e9s, intitul\u00e9 livre d&rsquo;activit\u00e9 pour marin d&rsquo;eau douce, de 76 pages num\u00e9rique (pour les enfants de 2 [&hellip;]<\/p>\n","protected":false},"featured_media":315,"comment_status":"open","ping_status":"closed","template":"","meta":{"_et_pb_use_builder":"","_et_pb_old_content":"","_et_gb_content_width":"","_monsterinsights_skip_tracking":false,"_monsterinsights_sitenote_active":false,"_monsterinsights_sitenote_note":"","_monsterinsights_sitenote_category":0},"product_brand":[],"product_cat":[20,22],"product_tag":[21],"class_list":{"0":"post-283","1":"product","2":"type-product","3":"status-publish","4":"has-post-thumbnail","6":"product_cat-trousse-complete","7":"product_cat-version-numerique","8":"product_tag-ensseble-educatif","10":"first","11":"instock","12":"shipping-taxable","13":"purchasable","14":"product-type-simple"},"yoast_head":"<!-- This site is optimized with the Yoast SEO plugin v27.1.1 - https:\/\/yoast.com\/product\/yoast-seo-wordpress\/ -->\n<title>Ensemble \u00e9ducatif sur s\u00e9curit\u00e9 aquatique sur dvds et 1 livre d&#039;histoire - Editions La Le\u00e7on Du Dragon<\/title>\n<meta name=\"robots\" content=\"index, follow, max-snippet:-1, max-image-preview:large, max-video-preview:-1\" \/>\n<link rel=\"canonical\" href=\"https:\/\/lecondudragon.com\/?product=enssemble-educatif-sur-securite-aquatique\" \/>\n<meta property=\"og:locale\" content=\"fr_FR\" \/>\n<meta property=\"og:type\" content=\"article\" \/>\n<meta property=\"og:title\" content=\"Ensemble \u00e9ducatif sur s\u00e9curit\u00e9 aquatique sur dvds et 1 livre d&#039;histoire - Editions La Le\u00e7on Du Dragon\" \/>\n<meta property=\"og:description\" content=\"La trousse \u00e9ducative sur la s\u00e9curit\u00e9 aquatique est enti\u00e8rement num\u00e9rique. Elle inclue: 3 court m\u00e9trage: 1) sur la s\u00e9curit\u00e9 en bateau 2) sur la s\u00e9curit\u00e9 lors de baignade 3) sur la s\u00e9curit\u00e9 pr\u00e8s du courant &nbsp; Un livre activit\u00e9s, intitul\u00e9 livre d&rsquo;activit\u00e9 pour marin d&rsquo;eau douce, de 76 pages num\u00e9rique (pour les enfants de 2 [&hellip;]\" \/>\n<meta property=\"og:url\" content=\"https:\/\/lecondudragon.com\/?product=enssemble-educatif-sur-securite-aquatique\" \/>\n<meta property=\"og:site_name\" content=\"Editions La Le\u00e7on Du Dragon\" \/>\n<meta property=\"article:modified_time\" content=\"2025-02-08T02:07:39+00:00\" \/>\n<meta property=\"og:image\" content=\"https:\/\/lecondudragon.com\/wp-content\/uploads\/2023\/06\/ensseble-dvd-et-livre-.jpg\" \/>\n\t<meta property=\"og:image:width\" content=\"800\" \/>\n\t<meta property=\"og:image:height\" content=\"600\" \/>\n\t<meta property=\"og:image:type\" content=\"image\/jpeg\" \/>\n<meta name=\"twitter:card\" content=\"summary_large_image\" \/>\n<meta name=\"twitter:label1\" content=\"Dur\u00e9e de lecture estim\u00e9e\" \/>\n\t<meta name=\"twitter:data1\" content=\"2 minutes\" \/>\n<script type=\"application\/ld+json\" class=\"yoast-schema-graph\">{\"@context\":\"https:\/\/schema.org\",\"@graph\":[{\"@type\":\"WebPage\",\"@id\":\"https:\/\/lecondudragon.com\/?product=enssemble-educatif-sur-securite-aquatique\",\"url\":\"https:\/\/lecondudragon.com\/?product=enssemble-educatif-sur-securite-aquatique\",\"name\":\"Ensemble \u00e9ducatif sur s\u00e9curit\u00e9 aquatique sur dvds et 1 livre d'histoire - Editions La Le\u00e7on Du Dragon\",\"isPartOf\":{\"@id\":\"https:\/\/lecondudragon.com\/#website\"},\"primaryImageOfPage\":{\"@id\":\"https:\/\/lecondudragon.com\/?product=enssemble-educatif-sur-securite-aquatique#primaryimage\"},\"image\":{\"@id\":\"https:\/\/lecondudragon.com\/?product=enssemble-educatif-sur-securite-aquatique#primaryimage\"},\"thumbnailUrl\":\"https:\/\/lecondudragon.com\/wp-content\/uploads\/2023\/06\/ensseble-dvd-et-livre-.jpg\",\"datePublished\":\"2023-06-26T02:12:29+00:00\",\"dateModified\":\"2025-02-08T02:07:39+00:00\",\"breadcrumb\":{\"@id\":\"https:\/\/lecondudragon.com\/?product=enssemble-educatif-sur-securite-aquatique#breadcrumb\"},\"inLanguage\":\"fr-FR\",\"potentialAction\":[{\"@type\":\"ReadAction\",\"target\":[\"https:\/\/lecondudragon.com\/?product=enssemble-educatif-sur-securite-aquatique\"]}]},{\"@type\":\"ImageObject\",\"inLanguage\":\"fr-FR\",\"@id\":\"https:\/\/lecondudragon.com\/?product=enssemble-educatif-sur-securite-aquatique#primaryimage\",\"url\":\"https:\/\/lecondudragon.com\/wp-content\/uploads\/2023\/06\/ensseble-dvd-et-livre-.jpg\",\"contentUrl\":\"https:\/\/lecondudragon.com\/wp-content\/uploads\/2023\/06\/ensseble-dvd-et-livre-.jpg\",\"width\":800,\"height\":600},{\"@type\":\"BreadcrumbList\",\"@id\":\"https:\/\/lecondudragon.com\/?product=enssemble-educatif-sur-securite-aquatique#breadcrumb\",\"itemListElement\":[{\"@type\":\"ListItem\",\"position\":1,\"name\":\"Accueil\",\"item\":\"https:\/\/lecondudragon.com\/\"},{\"@type\":\"ListItem\",\"position\":2,\"name\":\"Boutique\",\"item\":\"https:\/\/lecondudragon.com\/?page_id=270\"},{\"@type\":\"ListItem\",\"position\":3,\"name\":\"Ensemble \u00e9ducatif sur s\u00e9curit\u00e9 aquatique sur dvds et 1 livre d&rsquo;histoire\"}]},{\"@type\":\"WebSite\",\"@id\":\"https:\/\/lecondudragon.com\/#website\",\"url\":\"https:\/\/lecondudragon.com\/\",\"name\":\"Editions La Le\u00e7on Du Dragon\",\"description\":\"Editions La Le\u00e7on Du Dragon\",\"potentialAction\":[{\"@type\":\"SearchAction\",\"target\":{\"@type\":\"EntryPoint\",\"urlTemplate\":\"https:\/\/lecondudragon.com\/?s={search_term_string}\"},\"query-input\":{\"@type\":\"PropertyValueSpecification\",\"valueRequired\":true,\"valueName\":\"search_term_string\"}}],\"inLanguage\":\"fr-FR\"}]}<\/script>\n<!-- \/ Yoast SEO plugin. -->","yoast_head_json":{"title":"Ensemble \u00e9ducatif sur s\u00e9curit\u00e9 aquatique sur dvds et 1 livre d'histoire - Editions La Le\u00e7on Du Dragon","robots":{"index":"index","follow":"follow","max-snippet":"max-snippet:-1","max-image-preview":"max-image-preview:large","max-video-preview":"max-video-preview:-1"},"canonical":"https:\/\/lecondudragon.com\/?product=enssemble-educatif-sur-securite-aquatique","og_locale":"fr_FR","og_type":"article","og_title":"Ensemble \u00e9ducatif sur s\u00e9curit\u00e9 aquatique sur dvds et 1 livre d'histoire - Editions La Le\u00e7on Du Dragon","og_description":"La trousse \u00e9ducative sur la s\u00e9curit\u00e9 aquatique est enti\u00e8rement num\u00e9rique. Elle inclue: 3 court m\u00e9trage: 1) sur la s\u00e9curit\u00e9 en bateau 2) sur la s\u00e9curit\u00e9 lors de baignade 3) sur la s\u00e9curit\u00e9 pr\u00e8s du courant &nbsp; Un livre activit\u00e9s, intitul\u00e9 livre d&rsquo;activit\u00e9 pour marin d&rsquo;eau douce, de 76 pages num\u00e9rique (pour les enfants de 2 [&hellip;]","og_url":"https:\/\/lecondudragon.com\/?product=enssemble-educatif-sur-securite-aquatique","og_site_name":"Editions La Le\u00e7on Du Dragon","article_modified_time":"2025-02-08T02:07:39+00:00","og_image":[{"width":800,"height":600,"url":"https:\/\/lecondudragon.com\/wp-content\/uploads\/2023\/06\/ensseble-dvd-et-livre-.jpg","type":"image\/jpeg"}],"twitter_card":"summary_large_image","twitter_misc":{"Dur\u00e9e de lecture estim\u00e9e":"2 minutes"},"schema":{"@context":"https:\/\/schema.org","@graph":[{"@type":"WebPage","@id":"https:\/\/lecondudragon.com\/?product=enssemble-educatif-sur-securite-aquatique","url":"https:\/\/lecondudragon.com\/?product=enssemble-educatif-sur-securite-aquatique","name":"Ensemble \u00e9ducatif sur s\u00e9curit\u00e9 aquatique sur dvds et 1 livre d'histoire - Editions La Le\u00e7on Du Dragon","isPartOf":{"@id":"https:\/\/lecondudragon.com\/#website"},"primaryImageOfPage":{"@id":"https:\/\/lecondudragon.com\/?product=enssemble-educatif-sur-securite-aquatique#primaryimage"},"image":{"@id":"https:\/\/lecondudragon.com\/?product=enssemble-educatif-sur-securite-aquatique#primaryimage"},"thumbnailUrl":"https:\/\/lecondudragon.com\/wp-content\/uploads\/2023\/06\/ensseble-dvd-et-livre-.jpg","datePublished":"2023-06-26T02:12:29+00:00","dateModified":"2025-02-08T02:07:39+00:00","breadcrumb":{"@id":"https:\/\/lecondudragon.com\/?product=enssemble-educatif-sur-securite-aquatique#breadcrumb"},"inLanguage":"fr-FR","potentialAction":[{"@type":"ReadAction","target":["https:\/\/lecondudragon.com\/?product=enssemble-educatif-sur-securite-aquatique"]}]},{"@type":"ImageObject","inLanguage":"fr-FR","@id":"https:\/\/lecondudragon.com\/?product=enssemble-educatif-sur-securite-aquatique#primaryimage","url":"https:\/\/lecondudragon.com\/wp-content\/uploads\/2023\/06\/ensseble-dvd-et-livre-.jpg","contentUrl":"https:\/\/lecondudragon.com\/wp-content\/uploads\/2023\/06\/ensseble-dvd-et-livre-.jpg","width":800,"height":600},{"@type":"BreadcrumbList","@id":"https:\/\/lecondudragon.com\/?product=enssemble-educatif-sur-securite-aquatique#breadcrumb","itemListElement":[{"@type":"ListItem","position":1,"name":"Accueil","item":"https:\/\/lecondudragon.com\/"},{"@type":"ListItem","position":2,"name":"Boutique","item":"https:\/\/lecondudragon.com\/?page_id=270"},{"@type":"ListItem","position":3,"name":"Ensemble \u00e9ducatif sur s\u00e9curit\u00e9 aquatique sur dvds et 1 livre d&rsquo;histoire"}]},{"@type":"WebSite","@id":"https:\/\/lecondudragon.com\/#website","url":"https:\/\/lecondudragon.com\/","name":"Editions La Le\u00e7on Du Dragon","description":"Editions La Le\u00e7on Du Dragon","potentialAction":[{"@type":"SearchAction","target":{"@type":"EntryPoint","urlTemplate":"https:\/\/lecondudragon.com\/?s={search_term_string}"},"query-input":{"@type":"PropertyValueSpecification","valueRequired":true,"valueName":"search_term_string"}}],"inLanguage":"fr-FR"}]}},"_links":{"self":[{"href":"https:\/\/lecondudragon.com\/index.php?rest_route=\/wp\/v2\/product\/283","targetHints":{"allow":["GET"]}}],"collection":[{"href":"https:\/\/lecondudragon.com\/index.php?rest_route=\/wp\/v2\/product"}],"about":[{"href":"https:\/\/lecondudragon.com\/index.php?rest_route=\/wp\/v2\/types\/product"}],"replies":[{"embeddable":true,"href":"https:\/\/lecondudragon.com\/index.php?rest_route=%2Fwp%2Fv2%2Fcomments&post=283"}],"wp:featuredmedia":[{"embeddable":true,"href":"https:\/\/lecondudragon.com\/index.php?rest_route=\/wp\/v2\/media\/315"}],"wp:attachment":[{"href":"https:\/\/lecondudragon.com\/index.php?rest_route=%2Fwp%2Fv2%2Fmedia&parent=283"}],"wp:term":[{"taxonomy":"product_brand","embeddable":true,"href":"https:\/\/lecondudragon.com\/index.php?rest_route=%2Fwp%2Fv2%2Fproduct_brand&post=283"},{"taxonomy":"product_cat","embeddable":true,"href":"https:\/\/lecondudragon.com\/index.php?rest_route=%2Fwp%2Fv2%2Fproduct_cat&post=283"},{"taxonomy":"product_tag","embeddable":true,"href":"https:\/\/lecondudragon.com\/index.php?rest_route=%2Fwp%2Fv2%2Fproduct_tag&post=283"}],"curies":[{"name":"wp","href":"https:\/\/api.w.org\/{rel}","templated":true}]}}